3 - 5)) + s is divided by -1*(1 + -15 - -1).
11
Let v = 2 + -2. Suppose 0 = -i - 0*o - o + 7, 2*i + 4*o - 6 = v. Suppose -q + 25 = 3*w, -3*w = 4*q - 4*w - 126. What is the remainder when q is divided by i?
9
Suppose 238 = 4*o + 42. What is the remainder when o is divided by 25?
24
Let b = 58 + -44. Let w be (-4)/(-18) + (-6)/27. Suppose w*f - 3*f = -78. What is the remainder when f is divided by b?
12
Suppose -4*x - 11 - 5 = 5*f, -12 = 3*f + 3*x. Suppose f*t - 3*t = q - 91, 5*t = -3*q + 149. Let r = 35 + -18. What is the remainder when t is divided by r?
14
Let g = 10 + -2. Suppose 4*w - 5*r = 11 + g, 3*w = -3*r + 21. What is the remainder when 23 is divided by w?
5
Let s = -15 - -10. Let x = s - -7. What is the remainder when x is divided by 1?
0
Let x(o) = -o**2 + 2*o. Let h be x(1). Calculate the remainder when 23 is divided by -16*(h + (-7)/4).
11
Let p(v) = -20*v + 7. Suppose 6 = -0*y - y. Calculate the remainder when p(y) is divided by 32.
31
Let a = -148 - -150. What is the remainder when 41 is divided by a?
1
Calculate the remainder when 83 is divided by ((-12)/(-8))/(2/28).
20
Let s(v) = -v + 9. Let f = 8 - 8. What is the remainder when 24 is divided by s(f)?
6
Let t(a) = 4*a**2 + 2*a. Let q = 5 + -3. Let g = 0 + q. Calculate the remainder when 38 is divided by t(g).
18
Suppose 2*s + 0 = 6. Suppose 3 = 2*h + 5*p - 3, 0 = s*p. Calculate the remainder when 6 is divided by h.
0
Suppose -3*i + b - 5 = 3*b, 4*b = -3*i - 13. Calculate the remainder when 6 + 15 + (-2)/i is divided by 5.
4
Let t = -9 - -11. Suppose 5 = 3*u - t*u. Suppose u*d - 158 = -2*l, 5*d - 146 = 4*l - 3*l. Calculate the remainder when d is divided by 8.
6
Let r be -36*((-2)/(-3))/(-1). Suppose -2*i + r = -6. Calculate the remainder when 43 is divided by i.
13
Let i(g) = -g**2 + g + 98. Calculate the remainder when i(0) is divided by 25.
23
Let m be (-38)/(-5) + (-6)/(-15). Let f be 36/m*(-2 - 0). Let y = -6 - f. What is the remainder when y is divided by 2?
1
Suppose -45 = -10*h + 5*h. Let w(m) = 2*m**2. Let f be w(4). What is the remainder when ((-12)/8)/((-3)/f) is divided by h?
7
Calculate the remainder when 33 + -4 + (-20)/(-5) is divided by 12.
9
Suppose -42*z = -40*z - 30. Calculate the remainder when z is divided by 3.
0
Let v(i) = -i**2 + i + 29. Let c be v(0). Suppose w + 6 = -5*z, z = w - z - c. Suppose 0 = 5*s - w - 46. What is the remainder when 24 is divided by s?
11
Suppose -345 = -4*q - q. Suppose q - 15 = 3*g. What is the remainder when 51 is divided by g?
15
Suppose 184 = -75*a + 83*a. Calculate the remainder when a is divided by (-4)/10 + (-67)/(-5).
10
Suppose -5*q + 39 = -61. Suppose -4*x + 67 = -85. Calculate the remainder when x is divided by q.
18
Suppose 5*q - 13 - 2 = 0. Suppose -i = -1 - 2. Suppose 5*f - 25 = 2*j, 0 = 2*f - j - 12 + i. What is the remainder when f is divided by q?
1
Let v(l) = l**2 + 9*l + 10. Let m be v(-8). Suppose 14 = m*c - 86. Suppose -18 = 3*g + p - c, 0 = 5*g + p - 54. What is the remainder when g is divided by 6?
5
Let q(g) = -g**2 - g + 2. Let k be q(-3). Let y be k/(-2 - 256/(-130)). Suppose 2*z + 3*z = y. Calculate the remainder when z is divided by 14.
12
Suppose 2*b - 10 = 52. Let n = -3 + 7. Let q(x) = x**2. Calculate the remainder when b is divided by q(n).
15
Suppose -5*o + 2*s = 31, -s - 19 = 5*o + s. What is the remainder when 15 is divided by (-1)/o + (-39)/(-5)?
7
Suppose 6*d = 7*d - 3*p - 260, -3*d = p - 750. Calculate the remainder when d is divided by 42.
41
Let k(b) = b**3 + 7*b**2 - 8*b - 14. Calculate the remainder when 124 is divided by k(-7).
40
Calculate the remainder when 6 is divided by (3 - (-72)/(-20))*-5.
0
Suppose 3*r + 3 = -4*a - 4, -2*r = 5*a. Let k(g) = -g**3 + g**2 + 2*g. Let l be k(a). Let y = 30 + l. What is the remainder when y is divided by 16?
14
Suppose 0 = -b + 3, 2*i - 2*b = 66 + 14. Let o = i + 9. Suppose -2*z + 65 = 5*s + 2*z, -2*z + o = 4*s. Calculate the remainder when 51 is divided by s.
12
Suppose -4*z + 40 = -0*z. What is the remainder when 36 is divided by z?
6
Let m(c) = -2*c**3 - c**2 + 2*c - 2. Calculate the remainder when m(-4) is divided by 26.
24
Suppose 0 = 4*j + 3*y - 21 - 0, -5*y = 4*j - 27. Let c = 29 - 24. Calculate the remainder when c is divided by j.
2
Suppose 0 = -3*a + 3 + 33. Suppose 3*u + a = 7*u. What is the remainder when 5 is divided by u?
2
Let w(x) = -x**3 - 6*x**2 + 5*x - 9. Let u be (0 - -1) + 1*-21. Let d = u - -34. Calculate the remainder when d is divided by w(-7).
4
Let f = -72 - -101. Calculate the remainder when f is divided by 16.
13
Let o be ((-2)/6)/(2/(-24)). Suppose -v - o + 1 = 0. What is the remainder when 13 is divided by (-13)/v - (-6)/9?
3
Let o(c) be the second derivative of 13*c**4/12 - c**3/6 + c**2/2 - 8*c. What is the remainder when 36 is divided by o(1)?
10
Let s(k) = k + 5. What is the remainder when 15 is divided by s(3)?
7
Let l = 30 + -16. What is the remainder when (-632)/(-24) - 1/3 is divided by l?
12
Suppose 0 = -4*f + 3*z + 49, 10 = -4*f + z + 53. What is the remainder when 16 is divided by f?
6
What is the remainder when 37 is divided by (-27)/18*(-8 + 2)?
1
Let l(a) = -a**2 - a + 8. Let v(i) = 7*i. Calculate the remainder when v(3) is divided by l(0).
5
Let o(g) = -6*g + 55. Calculate the remainder when o(7) is divided by 5.
3
Let l = 0 - 4. What is the remainder when (-624)/(-15) + l/(-10) is divided by 22?
20
Let n(v) = 22*v**3 - v**2 + v - 1. What is the remainder when 81 is divided by n(1)?
18
Calculate the remainder when 10 is divided by (3/6 + 1)*(-1 - -5).
4
Let y(g) = g**2 + 8*g - 6. Let d be y(10). Suppose -d = -7*i + 2*i + v, -2*i + 5*v = -65. Calculate the remainder when i is divided by 12.
11
Let b(j) = -2*j**2 + 3*j**2 + 9 + 4*j + j. Let d be 0 + (-14)/2 - 0. What is the remainder when b(d) is divided by 12?
11
Let n = -76 + 235. Suppose 5*y + q + 32 = n, 4*q = 8. Suppose -6*o + o = -3*k + 59, -o = 3*k - 35. Calculate the remainder when y is divided by k.
12
Let b(v) = 6*v - 2. Let k(r) = -5*r + 2 - 1 - 1. What is the remainder when k(-6) is divided by b(3)?
14
Suppose -3*c + 2*u + 54 = 0, 4*u + 19 - 1 = c. Calculate the remainder when (18/(-12))/((-1)/46) is divided by c.
15
Let k(d) = -d**3 - 7*d**2 - 2*d - 4. What is the remainder when k(-7) is divided by 6?
4
Suppose -2*i = -34 - 70. Calculate the remainder when i is divided by 27.
25
Suppose -40 = -z - 3*k - 17, 18 = 2*z - k. What is the remainder when 41 is divided by z?
8
Let v be (-70)/(-21)*36/(-10). Let c = v + 21. What is the remainder when 25 is divided by c?
7
Let x(z) = 34*z**2. Let i be (-3 + 0)*(4 + -5). Suppose -y + 3 = -a, -5*a - 16 = i*y + 7. Calculate the remainder when x(y) is divided by 18.
16
Suppose 0 = -3*m + m + 72. Suppose 3*w - 2*q - 37 = 0, -5*q = 2*w - 24 - 7. What is the remainder when m is divided by w?
10
Suppose -5*n = -z + 2*z - 24, 0 = n + 4*z - 1. What is the remainder when 7 is divided by n?
2
Suppose -m + 5*m + 88 = 5*k, 5*k - 74 = -3*m. Suppose g = -5*w + 32, -3*w - w + k = -4*g. What is the remainder when 17 is divided by w?
5
Let c(r) = -6 + r**2 + 6 + 6*r - 9. Let q be c(-7). Calculate the remainder when 13 is divided by -2 + 11 + q - 2.
3
Let w = 22 + -10. Suppose -25 - 38 = -3*q. Calculate the remainder when q is divided by -1 + (1 + 0)*w.
10
Suppose 0*q - 5*q + 109 = t, 0 = 4*q + t - 88. Calculate the remainder when 82 is divided by q.
19
Let m = 179 + -78. What is the remainder when m is divided by 17?
16
Let w(c) = -6*c**3 - 1. Let d(k) = k**3 - 7*k**2 + 9*k - 8. Let h be d(6). Let a = h + 3. What is the remainder when a is divided by w(-1)?
3
Suppose -l = 5*u - 17, -u + 45 = -6*l + l. Let d = l + 18. What is the remainder when 29 is divided by d?
9
Suppose 0 = 2*x - 1 - 1. Let r = 8 - 14. Let o(z) = -z**3 - 5*z**2 + 6*z + 1. Calculate the remainder when o(r) is divided by x.
0
Let k(x) = -x**3 + 7*x**2 + 10*x - 8. Calculate the remainder when 23 is divided by k(8).
7
Suppose -x = 2*x - 30. Calculate the remainder when (3/(-2))/(3/(-56)) is divided by x.
8
Let g(m) = -m**3 - 16*m**2 + 15*m - 21. What is the remainder when 23 is divided by g(-17)?
10
Let p(s) = -9*s**3 + s**2. Calculate the remainder when p(-1) is divided by 6.
4
Suppose 4*d = 3*d. Let k(p) = -p**3 + 4*p**2 + 7*p + 2. What is the remaind